{"id":451,"date":"2015-07-06T09:02:37","date_gmt":"2015-07-06T08:02:37","guid":{"rendered":"http:\/\/2019.automnemusicalduvesinet.fr\/?page_id=451"},"modified":"2016-07-24T08:25:19","modified_gmt":"2016-07-24T07:25:19","slug":"leglise","status":"publish","type":"page","link":"http:\/\/2019.automnemusicalduvesinet.fr\/?page_id=451","title":{"rendered":"L&#8217;\u00c9glise"},"content":{"rendered":"<h1>L\u2019Eglise Sainte Marguerite<\/h1>\n<p><a href=\"http:\/\/2019.automnemusicalduvesinet.fr\/wp-content\/uploads\/2015\/07\/Eglise2.jpg\"><img loading=\"lazy\" class=\" size-medium wp-image-453 alignleft\" src=\"http:\/\/2019.automnemusicalduvesinet.fr\/wp-content\/uploads\/2015\/07\/Eglise2-209x300.jpg\" alt=\"Eglise2\" width=\"209\" height=\"300\" srcset=\"http:\/\/2019.automnemusicalduvesinet.fr\/wp-content\/uploads\/2015\/07\/Eglise2-209x300.jpg 209w, http:\/\/2019.automnemusicalduvesinet.fr\/wp-content\/uploads\/2015\/07\/Eglise2.jpg 331w\" sizes=\"(max-width: 209px) 100vw, 209px\" \/><\/a><span style=\"font-size: 16px;\">L\u2019\u00c9glise a \u00e9t\u00e9 construite entre 1862 et 1865, dans le style n\u00e9ogothique mais en employant des <strong>mat\u00e9riaux<\/strong>\u00a0 <strong>r\u00e9volutionnaires<\/strong> pour l\u2019\u00e9poque; en effet elle est le premier\u00a0 t\u00e9moignage d\u2019une construction en <strong>b\u00e9ton banch\u00e9 <\/strong>sur une ossature m\u00e9tallique r\u00e9alis\u00e9e par l\u2019architecte\u00a0 <strong>Auguste Boileau\u00a0 <\/strong>et l\u2019entrepreneur <strong>Fran\u00e7ois\u00a0 Coignet. <\/strong><\/span><\/p>\n<p><span style=\"font-size: 16px;\">L\u2019architecte, Louis-Auguste Boileau, se voit imposer l\u2019emploi du b\u00e9ton par Alphonse Pallu,\u00a0 promoteur moderniste de la Ville Parc du V\u00e9sinet\u00a0 et donne \u00e0 ses fa\u00e7ades l\u2019aspect noble de la pierre en imitant les joints de la ma\u00e7onnerie gr\u00e2ce \u00e0 des baguettes clou\u00e9es sur les coffrages. Cette innovation a donn\u00e9 lieu \u00e0 de nombreux commentaires dans la presse :<\/span><\/p>\n<p>&nbsp;<\/p>\n<p><em><a href=\"http:\/\/2019.automnemusicalduvesinet.fr\/wp-content\/uploads\/2015\/07\/Eglise1.jpg\"><img loading=\"lazy\" class=\"alignright wp-image-452 size-medium\" src=\"http:\/\/2019.automnemusicalduvesinet.fr\/wp-content\/uploads\/2015\/07\/Eglise1-242x300.jpg\" alt=\"Eglise1\" width=\"242\" height=\"300\" srcset=\"http:\/\/2019.automnemusicalduvesinet.fr\/wp-content\/uploads\/2015\/07\/Eglise1-242x300.jpg 242w, http:\/\/2019.automnemusicalduvesinet.fr\/wp-content\/uploads\/2015\/07\/Eglise1.jpg 512w\" sizes=\"(max-width: 242px) 100vw, 242px\" \/><\/a>\u00ab\u00a0Tout le monde a entendu parler de la construction de l&#8217;\u00e9glise du V\u00e9sinet, par le syst\u00e8me Coignet. Cet \u00e9l\u00e9gant \u00e9difice, admirable monolithe obtenu par le b\u00e9ton agglom\u00e9r\u00e9, a un aspect aussi gracieux que les constructions en pierre de taille.<br \/>\nLe b\u00e9ton agglom\u00e9r\u00e9 qui a \u00e9t\u00e9 employ\u00e9 avec tant de succ\u00e8s aux ma\u00e7onneries monolithiques est appliqu\u00e9 aussi \u00e0 la confection de la pierre de taille artificielle. Et, pour le grain, la couleur, la vivacit\u00e9 des ar\u00eates, cette pierre-b\u00e9ton ne laisse rien \u00e0 d\u00e9sirer. Elle se pr\u00eate \u00e0 toute esp\u00e8ce d&#8217;ornementation, et co\u00fbte moins cher que la pierre naturelle. On ne saurait trop vivement applaudir au r\u00e9sultat obtenu par M. Coignet, et faire des voeux pour que son syst\u00e8me se propage<\/em>.\u00a0\u00bb <strong><em>Journal Illustr\u00e9 de l\u2019exposition toulousaine n\u00b027 du 18 mars 1866<\/em><\/strong><\/p>\n<p>&nbsp;<\/p>\n<p><a href=\"http:\/\/2019.automnemusicalduvesinet.fr\/wp-content\/uploads\/2015\/07\/MDenis.jpg\"><img loading=\"lazy\" class=\"alignleft wp-image-454 size-full\" src=\"http:\/\/2019.automnemusicalduvesinet.fr\/wp-content\/uploads\/2015\/07\/MDenis.jpg\" alt=\"MDenis\" width=\"229\" height=\"220\" \/><\/a>Les chapelles et le d\u00e9ambulatoire ajout\u00e9s entre 1901 et 1903, sont orn\u00e9es des vitraux et peintures murales de <strong>Maurice Denis<\/strong>. (1870-1943).<\/p>\n<p>L\u2019originalit\u00e9 de sa structure et de ses mat\u00e9riaux et l\u2019\u0153uvre religieuse exceptionnelle de Maurice Denis en font un monument unique.<br \/>\nDe ce fait, en <strong>1978<\/strong>, l\u2019\u00e9glise est inscrite \u00e0 <em>l\u2019 Inventaire Suppl\u00e9mentaire des Monuments<\/em> <em>Historiques<\/em>, et elle est <strong>class\u00e9e monument historique<\/strong> depuis le 29 avril 2016.<\/p>\n<p>Maurice Denis, peintre embl\u00e9matique de la p\u00e9riode nabis se passionne tr\u00e8s jeune pour la musique.\u00a0 Ami intime des plus grand compositeurs de l\u2019\u00e9poque, <strong>Vincent d\u2019Indy, Claude Debussy et Ernest Chausson <\/strong>repr\u00e9sent\u00e9 dans l\u2019\u00e9glise en Saint Barth\u00e9lemy<strong>.<\/strong><\/p>\n<p>Il fait sienne la devise de Paul Verlaine :\u00a0<strong>\u00ab de la musique avant toute chose !\u00a0 de la musique encore et toujours \u00bb.<\/strong><\/p>\n","protected":false},"excerpt":{"rendered":"<p>L\u2019Eglise Sainte Marguerite L\u2019\u00c9glise a \u00e9t\u00e9 construite entre 1862 et 1865, dans le style n\u00e9ogothique mais en employant des mat\u00e9riaux\u00a0 r\u00e9volutionnaires pour l\u2019\u00e9poque; en effet elle est le premier\u00a0 t\u00e9moignage d\u2019une construction en b\u00e9ton banch\u00e9 sur une ossature m\u00e9tallique r\u00e9alis\u00e9e par l\u2019architecte\u00a0 Auguste Boileau\u00a0 et l\u2019entrepreneur Fran\u00e7ois\u00a0 Coignet. L\u2019architecte, Louis-Auguste Boileau, se voit imposer l\u2019emploi du b\u00e9ton par Alphonse Pallu,\u00a0 promoteur moderniste de la Ville Parc du V\u00e9sinet\u00a0 et donne \u00e0 ses fa\u00e7ades l\u2019aspect noble <a href=\"http:\/\/2019.automnemusicalduvesinet.fr\/?page_id=451\"> <\/a><\/p>\n","protected":false},"author":1,"featured_media":0,"parent":0,"menu_order":2,"comment_status":"closed","ping_status":"closed","template":"","meta":[],"_links":{"self":[{"href":"http:\/\/2019.automnemusicalduvesinet.fr\/index.php?rest_route=\/wp\/v2\/pages\/451"}],"collection":[{"href":"http:\/\/2019.automnemusicalduvesinet.fr\/index.php?rest_route=\/wp\/v2\/pages"}],"about":[{"href":"http:\/\/2019.automnemusicalduvesinet.fr\/index.php?rest_route=\/wp\/v2\/types\/page"}],"author":[{"embeddable":true,"href":"http:\/\/2019.automnemusicalduvesinet.fr\/index.php?rest_route=\/wp\/v2\/users\/1"}],"replies":[{"embeddable":true,"href":"http:\/\/2019.automnemusicalduvesinet.fr\/index.php?rest_route=%2Fwp%2Fv2%2Fcomments&post=451"}],"version-history":[{"count":15,"href":"http:\/\/2019.automnemusicalduvesinet.fr\/index.php?rest_route=\/wp\/v2\/pages\/451\/revisions"}],"predecessor-version":[{"id":896,"href":"http:\/\/2019.automnemusicalduvesinet.fr\/index.php?rest_route=\/wp\/v2\/pages\/451\/revisions\/896"}],"wp:attachment":[{"href":"http:\/\/2019.automnemusicalduvesinet.fr\/index.php?rest_route=%2Fwp%2Fv2%2Fmedia&parent=451"}],"curies":[{"name":"wp","href":"https:\/\/api.w.org\/{rel}","templated":true}]}}

L&#8217;Église

<h1>L’Eglise Sainte Marguerite</h1>
<p><a href="http://2019.automnemusicalduvesinet.fr/wp-content/uploads/2015/07/Eglise2.jpg"><img loading="lazy" class=" size-medium wp-image-453 alignleft" src="http://2019.automnemusicalduvesinet.fr/wp-content/uploads/2015/07/Eglise2-209x300.jpg" alt="Eglise2" width="209" height="300" srcset="http://2019.automnemusicalduvesinet.fr/wp-content/uploads/2015/07/Eglise2-209x300.jpg 209w, http://2019.automnemusicalduvesinet.fr/wp-content/uploads/2015/07/Eglise2.jpg 331w" sizes="(max-width: 209px) 100vw, 209px" /></a><span style="font-size: 16px;">L’Église a été construite entre 1862 et 1865, dans le style néogothique mais en employant des <strong>matériaux</strong>  <strong>révolutionnaires</strong> pour l’époque; en effet elle est le premier  témoignage d’une construction en <strong>béton banché </strong>sur une ossature métallique réalisée par l’architecte  <strong>Auguste Boileau  </strong>et l’entrepreneur <strong>François  Coignet. </strong></span></p>
<p><span style="font-size: 16px;">L’architecte, Louis-Auguste Boileau, se voit imposer l’emploi du béton par Alphonse Pallu,  promoteur moderniste de la Ville Parc du Vésinet  et donne à ses façades l’aspect noble de la pierre en imitant les joints de la maçonnerie grâce à des baguettes clouées sur les coffrages. Cette innovation a donné lieu à de nombreux commentaires dans la presse :</span></p>
<p>&nbsp;</p>
<p><em><a href="http://2019.automnemusicalduvesinet.fr/wp-content/uploads/2015/07/Eglise1.jpg"><img loading="lazy" class="alignright wp-image-452 size-medium" src="http://2019.automnemusicalduvesinet.fr/wp-content/uploads/2015/07/Eglise1-242x300.jpg" alt="Eglise1" width="242" height="300" srcset="http://2019.automnemusicalduvesinet.fr/wp-content/uploads/2015/07/Eglise1-242x300.jpg 242w, http://2019.automnemusicalduvesinet.fr/wp-content/uploads/2015/07/Eglise1.jpg 512w" sizes="(max-width: 242px) 100vw, 242px" /></a>« Tout le monde a entendu parler de la construction de l&#8217;église du Vésinet, par le système Coignet. Cet élégant édifice, admirable monolithe obtenu par le béton aggloméré, a un aspect aussi gracieux que les constructions en pierre de taille.<br />
Le béton aggloméré qui a été employé avec tant de succès aux maçonneries monolithiques est appliqué aussi à la confection de la pierre de taille artificielle. Et, pour le grain, la couleur, la vivacité des arêtes, cette pierre-béton ne laisse rien à désirer. Elle se prête à toute espèce d&#8217;ornementation, et coûte moins cher que la pierre naturelle. On ne saurait trop vivement applaudir au résultat obtenu par M. Coignet, et faire des voeux pour que son système se propage</em>. » <strong><em>Journal Illustré de l’exposition toulousaine n°27 du 18 mars 1866</em></strong></p>
<p>&nbsp;</p>
<p><a href="http://2019.automnemusicalduvesinet.fr/wp-content/uploads/2015/07/MDenis.jpg"><img loading="lazy" class="alignleft wp-image-454 size-full" src="http://2019.automnemusicalduvesinet.fr/wp-content/uploads/2015/07/MDenis.jpg" alt="MDenis" width="229" height="220" /></a>Les chapelles et le déambulatoire ajoutés entre 1901 et 1903, sont ornées des vitraux et peintures murales de <strong>Maurice Denis</strong>. (1870-1943).</p>
<p>L’originalité de sa structure et de ses matériaux et l’œuvre religieuse exceptionnelle de Maurice Denis en font un monument unique.<br />
De ce fait, en <strong>1978</strong>, l’église est inscrite à <em>l’ Inventaire Supplémentaire des Monuments</em> <em>Historiques</em>, et elle est <strong>classée monument historique</strong> depuis le 29 avril 2016.</p>
<p>Maurice Denis, peintre emblématique de la période nabis se passionne très jeune pour la musique.  Ami intime des plus grand compositeurs de l’époque, <strong>Vincent d’Indy, Claude Debussy et Ernest Chausson </strong>représenté dans l’église en Saint Barthélemy<strong>.</strong></p>
<p>Il fait sienne la devise de Paul Verlaine : <strong>« de la musique avant toute chose !  de la musique encore et toujours ».</strong></p>

<p>L’Eglise Sainte Marguerite L’Église a été construite entre 1862 et 1865, dans le style néogothique mais en employant des matériaux  révolutionnaires pour l’époque; en effet elle est le premier  témoignage d’une construction en béton banché sur une ossature métallique réalisée par l’architecte  Auguste Boileau  et l’entrepreneur François  Coignet. L’architecte, Louis-Auguste Boileau, se voit imposer l’emploi du béton par Alphonse Pallu,  promoteur moderniste de la Ville Parc du Vésinet  et donne à ses façades l’aspect noble <a href="http://2019.automnemusicalduvesinet.fr/?page_id=451"> </a></p>
