{"id":42,"date":"2015-04-09T16:59:40","date_gmt":"2015-04-09T15:59:40","guid":{"rendered":"http:\/\/2019.automnemusicalduvesinet.fr\/?page_id=42"},"modified":"2020-08-05T21:12:50","modified_gmt":"2020-08-05T20:12:50","slug":"le-festival","status":"publish","type":"page","link":"http:\/\/2019.automnemusicalduvesinet.fr\/?page_id=42","title":{"rendered":"Programme"},"content":{"rendered":"<h1>Programme<\/h1>\n<p><a href=\"http:\/\/2019.automnemusicalduvesinet.fr\/wp-content\/uploads\/2019\/08\/Programme.jpg\"><img loading=\"lazy\" class=\"aligncenter wp-image-1073\" src=\"http:\/\/2019.automnemusicalduvesinet.fr\/wp-content\/uploads\/2019\/08\/Programme.jpg\" alt=\"\" width=\"640\" height=\"220\" \/><\/a><\/p>\n<p><span style=\"font-size: 16px;\">Le programme du festival se d\u00e9roulera sur 3 jours de la musique baroque \u00e0 Berlioz et Ravel en passant par Mozart. Il s\u2019adresse \u00e0 un large public mais aussi aux m\u00e9lomanes les plus avertis car il r\u00e9unit des artistes de grand talent dans un programme de pi\u00e8ces qui sortent des sentiers battus de la musique de chambre.<\/span><\/p>\n<p><span style=\"font-size: 16px;\">L\u2019ensemble (sauf la masterclass du Samedi matin), se d\u00e9roulera en l\u2019\u00e9glise Sainte-Marguerite parmi les c\u00e9l\u00e8bres peintures murales de Maurice Denis.<\/span><\/p>\n<p><span style=\"font-size: 18px; line-height: 1.5em;\"><span style=\"text-decoration: underline;\">Le programme comprendra trois concerts<\/span> :<br \/>\n<\/span><\/p>\n<ul style=\"list-style-type: disc;\">\n<li><span style=\"font-size: 16px;\"><span style=\"font-size: 16px;\"><strong>Le <a href=\"http:\/\/2019.automnemusicalduvesinet.fr\/programme-du-vendredi\/\">Vendredi 11 octobre<\/a><\/strong> \u00e0 <strong>20h30<\/strong> la trompette de <strong>Bernard Soustrot<\/strong>, grand ma\u00eetre de l\u2019\u00e9cole fran\u00e7aise des cuivres, r\u00e9sonnera avec l\u2019orgue de l\u2019\u00e9glise jou\u00e9 par <strong>Jean-patrice Brosse<\/strong>. Le programme s\u2019\u00e9tendra de la musique Renaissance du XVIe s ( Gervaise, Le Roy) aux grands baroques Bach et Haendel puis au \u00ab baroque d\u00e9cadent) Claude Balbastre qui mourut \u00e0 75 ans , 8 ans apr\u00e8s Mozart.<\/span><\/span><\/li>\n<\/ul>\n<p>&nbsp;<\/p>\n<ul style=\"list-style-type: disc;\">\n<li><span style=\"font-size: 16px;\"><strong>Le <a href=\"http:\/\/2019.automnemusicalduvesinet.fr\/programme-du-samedi-2\/\">Samedi 12 octobre<\/a><\/strong> <\/span><\/li>\n<\/ul>\n<ul>\n<li style=\"list-style-type: none;\">\n<ul style=\"list-style-type: circle;\">\n<li><span style=\"font-size: 16px;\">\u00e0 <strong>10h<\/strong>, au Conservatoire Georges Bizet du V\u00e9sinet<br \/>\nMasterclass publique de trompette par <strong>Bernard Soustrot<\/strong><br \/>\n(entr\u00e9e libre)<\/span><\/li>\n<li><span style=\"font-size: 16px;\">\u00e0 <strong>20h30<\/strong> en l&#8217;\u00e9glise Sainte-Marguerite, hommage \u00e0 <strong>Hector Berlioz<\/strong> avec une version tr\u00e8s originale de la symphonie fantastique pour piano \u00e0 4 mains.<br \/>\nLe programme sera compl\u00e9t\u00e9, toujours au piano 4 mains, par la suite dramatique \u00ab Ma m\u00e8re l\u2019Oye \u00bb, de <strong>Maurice Ravel<\/strong>, d\u2019apr\u00e8s les contes de Perrault.<\/span><\/li>\n<\/ul>\n<\/li>\n<\/ul>\n<p>&nbsp;<\/p>\n<ul style=\"list-style-type: disc;\">\n<li><span style=\"font-size: 16px;\"><span style=\"font-size: 16px;\"><strong>Le <a href=\"http:\/\/2019.automnemusicalduvesinet.fr\/dimanche-16-octobre-a-16h\/\">Dimanche 13 octobre<\/a><\/strong> \u00e0 <strong>16h<\/strong> sera donn\u00e9e l\u2019int\u00e9grale des <strong>quatuors de Mozart<\/strong> pour fl\u00fbte, violon, alto et violoncelle, avec Franck Masquelier \u00e0 la fl\u00fbte, Vadim Tchijik au violon, Eric Cour\u00e8ges au violoncelle et Daniel Dato \u00e0 l\u2019alto.<\/span><\/span><\/li>\n<\/ul>\n<p>&nbsp;<\/p>\n<p><span style=\"font-size: 16px;\"><em>Direction artistique : Vadim Tchijik, Fabrice Loyal<\/em><\/span><\/p>\n<p>L&#8217;organisateur du festival est l&#8217;association &#8220;L&#8217;esprit musical du V\u00e9sinet&#8221;<\/p>\n<p style=\"text-align: left;\">Avec le soutien de la <a href=\"http:\/\/www.levesinet.fr\/\" target=\"_blank\" rel=\"noopener noreferrer\"><strong>Ville du V\u00e9sinet<\/strong><\/a><\/p>\n<p>&nbsp;<\/p>\n","protected":false},"excerpt":{"rendered":"<p>Programme Le programme du festival se d\u00e9roulera sur 3 jours de la musique baroque \u00e0 Berlioz et Ravel en passant par Mozart. Il s\u2019adresse \u00e0 un large public mais aussi aux m\u00e9lomanes les plus avertis car il r\u00e9unit des artistes de grand talent dans un programme de pi\u00e8ces qui sortent des sentiers battus de la musique de chambre. L\u2019ensemble (sauf la masterclass du Samedi matin), se d\u00e9roulera en l\u2019\u00e9glise Sainte-Marguerite parmi les c\u00e9l\u00e8bres peintures murales <a href=\"http:\/\/2019.automnemusicalduvesinet.fr\/?page_id=42\"> <\/a><\/p>\n","protected":false},"author":1,"featured_media":0,"parent":0,"menu_order":1,"comment_status":"closed","ping_status":"closed","template":"","meta":[],"_links":{"self":[{"href":"http:\/\/2019.automnemusicalduvesinet.fr\/index.php?rest_route=\/wp\/v2\/pages\/42"}],"collection":[{"href":"http:\/\/2019.automnemusicalduvesinet.fr\/index.php?rest_route=\/wp\/v2\/pages"}],"about":[{"href":"http:\/\/2019.automnemusicalduvesinet.fr\/index.php?rest_route=\/wp\/v2\/types\/page"}],"author":[{"embeddable":true,"href":"http:\/\/2019.automnemusicalduvesinet.fr\/index.php?rest_route=\/wp\/v2\/users\/1"}],"replies":[{"embeddable":true,"href":"http:\/\/2019.automnemusicalduvesinet.fr\/index.php?rest_route=%2Fwp%2Fv2%2Fcomments&post=42"}],"version-history":[{"count":104,"href":"http:\/\/2019.automnemusicalduvesinet.fr\/index.php?rest_route=\/wp\/v2\/pages\/42\/revisions"}],"predecessor-version":[{"id":1329,"href":"http:\/\/2019.automnemusicalduvesinet.fr\/index.php?rest_route=\/wp\/v2\/pages\/42\/revisions\/1329"}],"wp:attachment":[{"href":"http:\/\/2019.automnemusicalduvesinet.fr\/index.php?rest_route=%2Fwp%2Fv2%2Fmedia&parent=42"}],"curies":[{"name":"wp","href":"https:\/\/api.w.org\/{rel}","templated":true}]}}

<h1>Programme</h1>
<p><a href="http://2019.automnemusicalduvesinet.fr/wp-content/uploads/2019/08/Programme.jpg"><img loading="lazy" class="aligncenter wp-image-1073" src="http://2019.automnemusicalduvesinet.fr/wp-content/uploads/2019/08/Programme.jpg" alt="" width="640" height="220" /></a></p>
<p><span style="font-size: 16px;">Le programme du festival se déroulera sur 3 jours de la musique baroque à Berlioz et Ravel en passant par Mozart. Il s’adresse à un large public mais aussi aux mélomanes les plus avertis car il réunit des artistes de grand talent dans un programme de pièces qui sortent des sentiers battus de la musique de chambre.</span></p>
<p><span style="font-size: 16px;">L’ensemble (sauf la masterclass du Samedi matin), se déroulera en l’église Sainte-Marguerite parmi les célèbres peintures murales de Maurice Denis.</span></p>
<p><span style="font-size: 18px; line-height: 1.5em;"><span style="text-decoration: underline;">Le programme comprendra trois concerts</span> :<br />
</span></p>
<ul style="list-style-type: disc;">
<li><span style="font-size: 16px;"><span style="font-size: 16px;"><strong>Le <a href="http://2019.automnemusicalduvesinet.fr/programme-du-vendredi/">Vendredi 11 octobre</a></strong> à <strong>20h30</strong> la trompette de <strong>Bernard Soustrot</strong>, grand maître de l’école française des cuivres, résonnera avec l’orgue de l’église joué par <strong>Jean-patrice Brosse</strong>. Le programme s’étendra de la musique Renaissance du XVIe s ( Gervaise, Le Roy) aux grands baroques Bach et Haendel puis au « baroque décadent) Claude Balbastre qui mourut à 75 ans , 8 ans après Mozart.</span></span></li>
</ul>
<p>&nbsp;</p>
<ul style="list-style-type: disc;">
<li><span style="font-size: 16px;"><strong>Le <a href="http://2019.automnemusicalduvesinet.fr/programme-du-samedi-2/">Samedi 12 octobre</a></strong> </span></li>
</ul>
<ul>
<li style="list-style-type: none;">
<ul style="list-style-type: circle;">
<li><span style="font-size: 16px;">à <strong>10h</strong>, au Conservatoire Georges Bizet du Vésinet<br />
Masterclass publique de trompette par <strong>Bernard Soustrot</strong><br />
(entrée libre)</span></li>
<li><span style="font-size: 16px;">à <strong>20h30</strong> en l&#8217;église Sainte-Marguerite, hommage à <strong>Hector Berlioz</strong> avec une version très originale de la symphonie fantastique pour piano à 4 mains.<br />
Le programme sera complété, toujours au piano 4 mains, par la suite dramatique « Ma mère l’Oye », de <strong>Maurice Ravel</strong>, d’après les contes de Perrault.</span></li>
</ul>
</li>
</ul>
<p>&nbsp;</p>
<ul style="list-style-type: disc;">
<li><span style="font-size: 16px;"><span style="font-size: 16px;"><strong>Le <a href="http://2019.automnemusicalduvesinet.fr/dimanche-16-octobre-a-16h/">Dimanche 13 octobre</a></strong> à <strong>16h</strong> sera donnée l’intégrale des <strong>quatuors de Mozart</strong> pour flûte, violon, alto et violoncelle, avec Franck Masquelier à la flûte, Vadim Tchijik au violon, Eric Courèges au violoncelle et Daniel Dato à l’alto.</span></span></li>
</ul>
<p>&nbsp;</p>
<p><span style="font-size: 16px;"><em>Direction artistique : Vadim Tchijik, Fabrice Loyal</em></span></p>
<p>L&#8217;organisateur du festival est l&#8217;association &#8220;L&#8217;esprit musical du Vésinet&#8221;</p>
<p style="text-align: left;">Avec le soutien de la <a href="http://www.levesinet.fr/" target="_blank" rel="noopener noreferrer"><strong>Ville du Vésinet</strong></a></p>
<p>&nbsp;</p>

<p>Programme Le programme du festival se déroulera sur 3 jours de la musique baroque à Berlioz et Ravel en passant par Mozart. Il s’adresse à un large public mais aussi aux mélomanes les plus avertis car il réunit des artistes de grand talent dans un programme de pièces qui sortent des sentiers battus de la musique de chambre. L’ensemble (sauf la masterclass du Samedi matin), se déroulera en l’église Sainte-Marguerite parmi les célèbres peintures murales <a href="http://2019.automnemusicalduvesinet.fr/?page_id=42"> </a></p>
